{"id":84,"date":"2024-04-18T00:22:30","date_gmt":"2024-04-18T03:22:30","guid":{"rendered":"https:\/\/casyp.com.ar\/?page_id=84"},"modified":"2024-06-26T11:24:02","modified_gmt":"2024-06-26T14:24:02","slug":"quienes-somos","status":"publish","type":"page","link":"https:\/\/casyp.com.ar\/index.php\/quienes-somos\/","title":{"rendered":"Qui\u00e9nes somos"},"content":{"rendered":"<p>[et_pb_section fb_built=&#8221;1&#8243; _builder_version=&#8221;4.21.0&#8243; _module_preset=&#8221;default&#8221; background_color=&#8221;#f9fafc&#8221; global_colors_info=&#8221;{}&#8221;][et_pb_row column_structure=&#8221;1_2,1_2&#8243; _builder_version=&#8221;4.21.0&#8243; _module_preset=&#8221;default&#8221; global_colors_info=&#8221;{}&#8221;][et_pb_column type=&#8221;1_2&#8243; _builder_version=&#8221;4.21.0&#8243; _module_preset=&#8221;default&#8221; global_colors_info=&#8221;{}&#8221;][et_pb_text _builder_version=&#8221;4.21.0&#8243; _module_preset=&#8221;default&#8221; text_font=&#8221;Playfair Display||||||||&#8221; text_font_size=&#8221;85px&#8221; text_line_height=&#8221;0.2em&#8221; global_colors_info=&#8221;{}&#8221;]<\/p>\n<p>Qui\u00e9nes<\/p>\n<p>somos<\/p>\n<p>[\/et_pb_text][et_pb_text _builder_version=&#8221;4.21.0&#8243; _module_preset=&#8221;default&#8221; custom_margin=&#8221;100px||||false|false&#8221; global_colors_info=&#8221;{}&#8221;]<\/p>\n<p>Nos avalan m\u00e1s de 20 a\u00f1os de experiencia acompa\u00f1ando y brindando asistencia psicol\u00f3gica a todas las personas y parejas del mundo que nos necesitan, encontrando una forma m\u00e1s amorosa de estar juntos o consigo mismo para vivir de manera menos padeciente.<\/p>\n<p>[\/et_pb_text][\/et_pb_column][et_pb_column type=&#8221;1_2&#8243; _builder_version=&#8221;4.21.0&#8243; _module_preset=&#8221;default&#8221; global_colors_info=&#8221;{}&#8221;][et_pb_image src=&#8221;https:\/\/casyp.com.ar\/wp-content\/uploads\/2024\/04\/quienes_somos_01.png&#8221; title_text=&#8221;quienes_somos_01&#8243; _builder_version=&#8221;4.21.0&#8243; _module_preset=&#8221;default&#8221; global_colors_info=&#8221;{}&#8221;][\/et_pb_image][\/et_pb_column][\/et_pb_row][et_pb_row column_structure=&#8221;1_2,1_2&#8243; _builder_version=&#8221;4.21.0&#8243; _module_preset=&#8221;default&#8221; global_colors_info=&#8221;{}&#8221;][et_pb_column type=&#8221;1_2&#8243; _builder_version=&#8221;4.21.0&#8243; _module_preset=&#8221;default&#8221; global_colors_info=&#8221;{}&#8221;][et_pb_image src=&#8221;https:\/\/casyp.com.ar\/wp-content\/uploads\/2024\/04\/quienes_somos_02.png&#8221; title_text=&#8221;quienes_somos_02&#8243; _builder_version=&#8221;4.21.0&#8243; _module_preset=&#8221;default&#8221; global_colors_info=&#8221;{}&#8221;][\/et_pb_image][\/et_pb_column][et_pb_column type=&#8221;1_2&#8243; _builder_version=&#8221;4.21.0&#8243; _module_preset=&#8221;default&#8221; global_colors_info=&#8221;{}&#8221;][et_pb_text _builder_version=&#8221;4.21.0&#8243; _module_preset=&#8221;default&#8221; transform_scale_tablet=&#8221;&#8221; transform_scale_phone=&#8221;&#8221; transform_scale_last_edited=&#8221;on|desktop&#8221; transform_translate=&#8221;0px|135px&#8221; transform_translate_tablet=&#8221;0px|0px&#8221; transform_translate_phone=&#8221;0px|0px&#8221; transform_translate_last_edited=&#8221;on|desktop&#8221; transform_translate_linked=&#8221;off&#8221; transform_rotate_tablet=&#8221;&#8221; transform_rotate_phone=&#8221;&#8221; transform_rotate_last_edited=&#8221;on|desktop&#8221; transform_skew_tablet=&#8221;&#8221; transform_skew_phone=&#8221;&#8221; transform_skew_last_edited=&#8221;on|desktop&#8221; transform_origin_tablet=&#8221;&#8221; transform_origin_phone=&#8221;&#8221; transform_origin_last_edited=&#8221;on|desktop&#8221; transform_styles_last_edited=&#8221;on|desktop&#8221; transform_styles_tablet=&#8221;&#8221; transform_styles_phone=&#8221;&#8221; global_colors_info=&#8221;{}&#8221;]<\/p>\n<p>Confiamos en nuestro equipo de profesionales: psic\u00f3logos, psiquiatras, ur\u00f3logos y ginec\u00f3logos que trabajan con nosotras para hacer de Casyp un espacio de descubrimiento y reflexi\u00f3n y por sobre todas las cosas un lugar seguro de contenci\u00f3n y acompa\u00f1amiento para que el inconsciente pueda revelarse.<\/p>\n<p>[\/et_pb_text][\/et_pb_column][\/et_pb_row][\/et_pb_section][et_pb_section fb_built=&#8221;1&#8243; _builder_version=&#8221;4.21.0&#8243; _module_preset=&#8221;default&#8221; global_colors_info=&#8221;{}&#8221;][et_pb_row column_structure=&#8221;1_5,1_5,1_5,1_5,1_5&#8243; _builder_version=&#8221;4.21.0&#8243; _module_preset=&#8221;default&#8221; width=&#8221;100%&#8221; max_width=&#8221;1583px&#8221; global_colors_info=&#8221;{}&#8221;][et_pb_column type=&#8221;1_5&#8243; _builder_version=&#8221;4.21.0&#8243; _module_preset=&#8221;default&#8221; global_colors_info=&#8221;{}&#8221;][et_pb_image src=&#8221;https:\/\/casyp.com.ar\/wp-content\/uploads\/2024\/05\/logo_uni_05.png&#8221; title_text=&#8221;logo_uni_05&#8243; align_tablet=&#8221;&#8221; align_phone=&#8221;center&#8221; align_last_edited=&#8221;on|phone&#8221; _builder_version=&#8221;4.21.0&#8243; _module_preset=&#8221;default&#8221; global_colors_info=&#8221;{}&#8221;][\/et_pb_image][\/et_pb_column][et_pb_column type=&#8221;1_5&#8243; _builder_version=&#8221;4.21.0&#8243; _module_preset=&#8221;default&#8221; global_colors_info=&#8221;{}&#8221;][et_pb_image src=&#8221;https:\/\/casyp.com.ar\/wp-content\/uploads\/2024\/05\/logo_uni_04.png&#8221; title_text=&#8221;logo_uni_04&#8243; align_tablet=&#8221;&#8221; align_phone=&#8221;center&#8221; align_last_edited=&#8221;on|phone&#8221; _builder_version=&#8221;4.21.0&#8243; _module_preset=&#8221;default&#8221; locked=&#8221;off&#8221; global_colors_info=&#8221;{}&#8221;][\/et_pb_image][\/et_pb_column][et_pb_column type=&#8221;1_5&#8243; _builder_version=&#8221;4.21.0&#8243; _module_preset=&#8221;default&#8221; global_colors_info=&#8221;{}&#8221;][et_pb_image src=&#8221;https:\/\/casyp.com.ar\/wp-content\/uploads\/2024\/05\/logo_uni_03.png&#8221; title_text=&#8221;logo_uni_03&#8243; align_tablet=&#8221;&#8221; align_phone=&#8221;center&#8221; align_last_edited=&#8221;on|phone&#8221; _builder_version=&#8221;4.21.0&#8243; _module_preset=&#8221;default&#8221; locked=&#8221;off&#8221; global_colors_info=&#8221;{}&#8221;][\/et_pb_image][\/et_pb_column][et_pb_column type=&#8221;1_5&#8243; _builder_version=&#8221;4.21.0&#8243; _module_preset=&#8221;default&#8221; global_colors_info=&#8221;{}&#8221;][et_pb_image src=&#8221;https:\/\/casyp.com.ar\/wp-content\/uploads\/2024\/05\/logo_uni_02.png&#8221; title_text=&#8221;logo_uni_02&#8243; align=&#8221;center&#8221; _builder_version=&#8221;4.21.0&#8243; _module_preset=&#8221;default&#8221; locked=&#8221;off&#8221; global_colors_info=&#8221;{}&#8221;][\/et_pb_image][\/et_pb_column][et_pb_column type=&#8221;1_5&#8243; _builder_version=&#8221;4.21.0&#8243; _module_preset=&#8221;default&#8221; global_colors_info=&#8221;{}&#8221;][et_pb_image src=&#8221;https:\/\/casyp.com.ar\/wp-content\/uploads\/2024\/05\/logo_uni_01.png&#8221; title_text=&#8221;logo_uni_01&#8243; align_tablet=&#8221;&#8221; align_phone=&#8221;center&#8221; align_last_edited=&#8221;on|phone&#8221; _builder_version=&#8221;4.21.0&#8243; _module_preset=&#8221;default&#8221; global_colors_info=&#8221;{}&#8221;][\/et_pb_image][\/et_pb_column][\/et_pb_row][et_pb_row _builder_version=&#8221;4.21.0&#8243; _module_preset=&#8221;default&#8221; background_color=&#8221;#ff8402&#8243; width=&#8221;100%&#8221; max_width=&#8221;100%&#8221; custom_padding=&#8221;60px||60px||true|false&#8221; global_colors_info=&#8221;{}&#8221;][et_pb_column type=&#8221;4_4&#8243; _builder_version=&#8221;4.21.0&#8243; _module_preset=&#8221;default&#8221; global_colors_info=&#8221;{}&#8221;][et_pb_text _builder_version=&#8221;4.21.0&#8243; _module_preset=&#8221;default&#8221; text_font=&#8221;Playfair Display||||||||&#8221; text_font_size=&#8221;65px&#8221; header_font=&#8221;Playfair Display||||||||&#8221; header_text_color=&#8221;#FFFFFF&#8221; header_font_size=&#8221;70px&#8221; background_color=&#8221;#ff8402&#8243; custom_margin=&#8221;||32px|||&#8221; custom_padding=&#8221;0px||0px||true|false&#8221; global_colors_info=&#8221;{}&#8221;]<\/p>\n<h1 style=\"text-align: center;\"><span style=\"color: #ffffff;\">Sobre <\/span>nosotras<\/h1>\n<p>[\/et_pb_text][et_pb_text _builder_version=&#8221;4.21.0&#8243; _module_preset=&#8221;default&#8221; width=&#8221;50%&#8221; module_alignment=&#8221;center&#8221; global_colors_info=&#8221;{}&#8221;]<\/p>\n<p style=\"text-align: center;\"><span style=\"color: #ffffff;\">Somos un equipo de profesionales del \u00e1mbito de la psicolog\u00eda, la sexolog\u00eda y la medicina, especializadas en la asistencia, el diagn\u00f3stico y la investigaci\u00f3n en sexolog\u00eda cl\u00ednica y terapia de pareja.<\/span><\/p>\n<p>[\/et_pb_text][\/et_pb_column][\/et_pb_row][\/et_pb_section][et_pb_section fb_built=&#8221;1&#8243; _builder_version=&#8221;4.21.0&#8243; _module_preset=&#8221;default&#8221; custom_padding=&#8221;32px|||||&#8221; global_colors_info=&#8221;{}&#8221;][et_pb_row column_structure=&#8221;1_2,1_2&#8243; _builder_version=&#8221;4.21.0&#8243; _module_preset=&#8221;default&#8221; global_colors_info=&#8221;{}&#8221;][et_pb_column type=&#8221;1_2&#8243; _builder_version=&#8221;4.21.0&#8243; _module_preset=&#8221;default&#8221; global_colors_info=&#8221;{}&#8221;][et_pb_team_member name=&#8221;LUCILA HAUSVIRTH&#8221; position=&#8221;DIRECTORA&#8221; image_url=&#8221;https:\/\/casyp.com.ar\/wp-content\/uploads\/2024\/04\/Lucila_Hausvirth.png&#8221; _builder_version=&#8221;4.21.0&#8243; _module_preset=&#8221;default&#8221; header_font=&#8221;|700|||||||&#8221; header_font_size=&#8221;30px&#8221; position_text_color=&#8221;#000000&#8243; position_font_size=&#8221;25px&#8221; link_option_url=&#8221;https:\/\/www.linkedin.com\/in\/lucilahausvirth\/&#8221; link_option_url_new_window=&#8221;on&#8221; hover_enabled=&#8221;0&#8243; global_colors_info=&#8221;{}&#8221; sticky_enabled=&#8221;0&#8243;]<\/p>\n<p>&nbsp;<\/p>\n<p>Licenciada en Psicolog\u00eda (U.S.A.L.).<\/p>\n<p>Sex\u00f3loga Cl\u00ednica (UBA-AISM).<\/p>\n<p>Postgrado en Educaci\u00f3n Sexual y Sexolog\u00eda Cl\u00ednica (Universidad Favaloro).<\/p>\n<p>Postgrado de actualizaci\u00f3n en terapia sexual cognitivo conductual comportamental de la facultad de medicina (UBA- AISM &#8211; Academia internacional de sexolog\u00eda m\u00e9dica)<\/p>\n<p><span>Maestranza en psicolog\u00eda y salud (Univesidad de Palermo) <\/span><\/p>\n<p><span>Posgrado en terapia de pareja y familia (Escuela Sist\u00e9mica Argentina)<\/span><\/p>\n<p><span>Diplomatura Universitaria Educaci\u00f3n Sexual Integral (aula abierta)<\/span><\/p>\n<p>Ex-miembro del equipo de trabajo del Dr. J. C. Kusnetzoff del Hospital de Cl\u00ednicas J. de San Mart\u00edn (Programa de Sexolog\u00eda Cl\u00ednica)<\/p>\n<p>Ex-docente colaboradora en la c\u00e1tedra de pre-grado &#8220;Introducci\u00f3n a la Sexolog\u00eda Cl\u00ednica&#8221; (UBA).<\/p>\n<p>Autora de art\u00edculos especializados en la materia.<\/p>\n<p><span>Co-autora\/colaboradora libro \u201cy por qu\u00e9 no gato por liebre\u201d, un estudio sobre Mobbing en la Administraci\u00f3n Nacional de la Seguridad Social. Autor: Dr. Eduardo Bustos Villar<\/span><\/p>\n<p>&nbsp;<\/p>\n<p>[\/et_pb_team_member][\/et_pb_column][et_pb_column type=&#8221;1_2&#8243; _builder_version=&#8221;4.21.0&#8243; _module_preset=&#8221;default&#8221; global_colors_info=&#8221;{}&#8221;][et_pb_team_member name=&#8221;JULIETA V. OT\u00c1LORA&#8221; position=&#8221;DIRECTORA&#8221; image_url=&#8221;https:\/\/casyp.com.ar\/wp-content\/uploads\/2024\/04\/Julieta_V.Otalora.png&#8221; _builder_version=&#8221;4.21.0&#8243; _module_preset=&#8221;default&#8221; header_font=&#8221;|700|||||||&#8221; header_font_size=&#8221;30px&#8221; position_text_color=&#8221;#000000&#8243; position_font_size=&#8221;25px&#8221; link_option_url=&#8221;https:\/\/www.linkedin.com\/in\/julieta-v-ot%C3%A1lora-0848a521\/&#8221; link_option_url_new_window=&#8221;on&#8221; global_colors_info=&#8221;{}&#8221;]<\/p>\n<p>&nbsp;<\/p>\n<p>Licenciada en Psicolog\u00eda (U.B.A).<\/p>\n<p>Especialista en Evaluaci\u00f3n y Diagn\u00f3stico Psicol\u00f3gico (U.S.A.L).<\/p>\n<p>Especialista en Psicodiagn\u00f3stico de Rorschach (A.A.P.R.O).<\/p>\n<p>Diplomada Superior en V\u00ednculos (UCES).<\/p>\n<p>Formaci\u00f3n en Psicoan\u00e1lisis de los V\u00ednculos y parejas; y en Psicodiagn\u00f3stico Laboral.<\/p>\n<p>Su trabajo de tesis: &#8220;Heteronormatividad en pareja homoparental. Crisis de pareja y posiciones subjetivas&#8221;, ha sido seleccionado en el 2017 para publicarse en la revista cient\u00edfica de la Asociaci\u00f3n Argentina de Psicolog\u00eda y Psicoterapia de grupo.<\/p>\n<p>Miembro del equipo de investigaci\u00f3n del Dr. David Maldavsky, M\u00e9todo ADL (Algoritmo David Liberman). An\u00e1lisis del Discurso.<\/p>\n<p>Ex docente de grado y posgrado de la Universidad de Mor\u00f3n y de la Universidad del Salvador.<\/p>\n<p>Autora y co-autora de trabajos de investigaci\u00f3n y art\u00edculos publicados en revistas nacionales e internacionales. Presentaciones en congresos y reuniones cient\u00edficas.<\/p>\n<p>Es coautora de los libros: &#8220;ADL. Un instrumento para la evaluaci\u00f3n de los deseos y las defensas en el discurso&#8221; y &#8220;Psicolog\u00eda Laboral. Explorando pr\u00e1cticas\u00a0actuales&#8221;<\/p>\n<p><span>Diplomatura Universitaria Educaci\u00f3n Sexual Integral &#8211; Universidad Nacional de C\u00f3rdoba<\/span><\/p>\n<p>[\/et_pb_team_member][\/et_pb_column][\/et_pb_row][\/et_pb_section][et_pb_section fb_built=&#8221;1&#8243; _builder_version=&#8221;4.21.0&#8243; _module_preset=&#8221;default&#8221; locked=&#8221;off&#8221; global_colors_info=&#8221;{}&#8221;][et_pb_row _builder_version=&#8221;4.21.0&#8243; _module_preset=&#8221;default&#8221; background_color=&#8221;#f2f2f2&#8243; custom_margin=&#8221;50px||||false|false&#8221; custom_padding=&#8221;50px||50px||true|true&#8221; border_radii=&#8221;on|50px|50px|50px|50px&#8221; global_colors_info=&#8221;{}&#8221;][et_pb_column type=&#8221;4_4&#8243; _builder_version=&#8221;4.21.0&#8243; _module_preset=&#8221;default&#8221; global_colors_info=&#8221;{}&#8221;][et_pb_text _builder_version=&#8221;4.21.0&#8243; _module_preset=&#8221;default&#8221; text_font=&#8221;Playfair Display||||||||&#8221; text_font_size=&#8221;49px&#8221; header_font=&#8221;Playfair Display||||||||&#8221; header_font_size=&#8221;79px&#8221; header_font_size_tablet=&#8221;79px&#8221; header_font_size_phone=&#8221;50px&#8221; header_font_size_last_edited=&#8221;on|phone&#8221; global_colors_info=&#8221;{}&#8221;]<\/p>\n<h1 style=\"text-align: center;\">Si quer\u00e9s ser parte<br \/>de nuestro equipo<\/h1>\n<p>[\/et_pb_text][et_pb_text _builder_version=&#8221;4.21.0&#8243; _module_preset=&#8221;default&#8221; text_font_size=&#8221;19px&#8221; text_letter_spacing=&#8221;1px&#8221; text_line_height=&#8221;1.8em&#8221; global_colors_info=&#8221;{}&#8221;]<\/p>\n<p style=\"text-align: center;\">Carg\u00e1 tus datos aqu\u00ed<\/p>\n<p>[\/et_pb_text][et_pb_button button_url=&#8221;#contacto&#8221; button_text=&#8221;Ir a formulario&#8221; _builder_version=&#8221;4.21.0&#8243; _module_preset=&#8221;default&#8221; custom_button=&#8221;on&#8221; button_text_color=&#8221;#FFFFFF&#8221; button_use_icon=&#8221;off&#8221; background_layout=&#8221;dark&#8221; custom_padding=&#8221;10px|30px|10px|30px|true|true&#8221; custom_css_main_element=&#8221;background: #FF8402;||border-radius: 30px;||margin: auto !important;||display: flex !important;||width: fit-content;&#8221; global_colors_info=&#8221;{}&#8221; background_layout__hover_enabled=&#8221;on|desktop&#8221; background_layout__hover=&#8221;light&#8221; button_text_color__hover_enabled=&#8221;on|hover&#8221; button_text_color__hover=&#8221;#FFFFFF&#8221; button_bg_color__hover_enabled=&#8221;on|desktop&#8221; button_bg_color__hover=&#8221;#000000&#8243; button_bg_enable_color__hover=&#8221;on&#8221;][\/et_pb_button][\/et_pb_column][\/et_pb_row][et_pb_row _builder_version=&#8221;4.21.0&#8243; _module_preset=&#8221;default&#8221; custom_margin=&#8221;50px||||false|false&#8221; global_colors_info=&#8221;{}&#8221;][et_pb_column type=&#8221;4_4&#8243; _builder_version=&#8221;4.21.0&#8243; _module_preset=&#8221;default&#8221; global_colors_info=&#8221;{}&#8221;][et_pb_text _builder_version=&#8221;4.21.0&#8243; _module_preset=&#8221;default&#8221; text_font=&#8221;Playfair Display||||||||&#8221; text_font_size=&#8221;50px&#8221; text_line_height=&#8221;1.3em&#8221; global_colors_info=&#8221;{}&#8221;]<\/p>\n<p style=\"text-align: center;\"><span style=\"font-family: 'Poppins';\">Creemos en<\/span> <span style=\"font-size: 70px;\">Casyp<\/span> <span style=\"font-family: 'Poppins';\">porque sabemos que la palabra y el <strong>v\u00ednculo terap\u00e9utico<\/strong> son los caminos para la cura.<\/span><\/p>\n<p>[\/et_pb_text][et_pb_text _builder_version=&#8221;4.21.0&#8243; _module_preset=&#8221;default&#8221; global_colors_info=&#8221;{}&#8221;]<\/p>\n<p style=\"text-align: center;\">\u00a0Con nuestro equipo de profesionales te sentir\u00e1s contenido y vas a poder identificar tus debilidades para que dejen de ser dificultades que repetir\u00e1s a lo largo de tu vida.<\/p>\n<p>[\/et_pb_text][et_pb_button button_url=&#8221;#contacto&#8221; button_text=&#8221;Asegura tu cita hoy&#8221; _builder_version=&#8221;4.21.0&#8243; _module_preset=&#8221;default&#8221; custom_button=&#8221;on&#8221; button_bg_color=&#8221;#ff8402&#8243; button_border_color=&#8221;#000000&#8243; button_use_icon=&#8221;off&#8221; custom_padding=&#8221;10px|30px|10px|30px|true|true&#8221; custom_css_main_element=&#8221;background: #FF8402;||border: none;||color: white;||border-radius: 30px;||display: flex !important;||width: fit-content;||margin: auto;&#8221; global_colors_info=&#8221;{}&#8221; custom_css_main_element__hover_enabled=&#8221;on|desktop&#8221; custom_css_main_element__hover=&#8221;color: black;&#8221; button_bg_color__hover_enabled=&#8221;on|hover&#8221; button_bg_color__hover=&#8221;#000000&#8243; button_bg_enable_color__hover=&#8221;on&#8221; background_layout__hover_enabled=&#8221;on|hover&#8221; background_layout__hover=&#8221;dark&#8221;][\/et_pb_button][\/et_pb_column][\/et_pb_row][\/et_pb_section]<\/p>\n","protected":false},"excerpt":{"rendered":"<p>Qui\u00e9nes somosNos avalan m\u00e1s de 20 a\u00f1os de experiencia acompa\u00f1ando y brindando asistencia psicol\u00f3gica a todas las personas y parejas del mundo que nos necesitan, encontrando una forma m\u00e1s amorosa de estar juntos o consigo mismo para vivir de manera menos padeciente.Confiamos en nuestro equipo de profesionales: psic\u00f3logos, psiquiatras, ur\u00f3logos y ginec\u00f3logos que trabajan con [&hellip;]<\/p>\n","protected":false},"author":1,"featured_media":0,"parent":0,"menu_order":0,"comment_status":"closed","ping_status":"closed","template":"","meta":{"_et_pb_use_builder":"on","_et_pb_old_content":"","_et_gb_content_width":"","footnotes":""},"_links":{"self":[{"href":"https:\/\/casyp.com.ar\/index.php\/wp-json\/wp\/v2\/pages\/84"}],"collection":[{"href":"https:\/\/casyp.com.ar\/index.php\/wp-json\/wp\/v2\/pages"}],"about":[{"href":"https:\/\/casyp.com.ar\/index.php\/wp-json\/wp\/v2\/types\/page"}],"author":[{"embeddable":true,"href":"https:\/\/casyp.com.ar\/index.php\/wp-json\/wp\/v2\/users\/1"}],"replies":[{"embeddable":true,"href":"https:\/\/casyp.com.ar\/index.php\/wp-json\/wp\/v2\/comments?post=84"}],"version-history":[{"count":30,"href":"https:\/\/casyp.com.ar\/index.php\/wp-json\/wp\/v2\/pages\/84\/revisions"}],"predecessor-version":[{"id":572,"href":"https:\/\/casyp.com.ar\/index.php\/wp-json\/wp\/v2\/pages\/84\/revisions\/572"}],"wp:attachment":[{"href":"https:\/\/casyp.com.ar\/index.php\/wp-json\/wp\/v2\/media?parent=84"}],"curies":[{"name":"wp","href":"https:\/\/api.w.org\/{rel}","templated":true}]}}